 What is the units digit of l?
2
What is the units digit of 24/2*(-9)/(-12)?
9
Let q be 16/12*(-18)/4. Let d = q - 6. What is the units digit of (d/5)/((-14)/35)?
6
Let p(t) = 40*t - 1. Let r(d) = 20*d - 1. Let m(x) = -3*p(x) + 5*r(x). What is the units digit of m(-2)?
8
Let z = 5 - 5. Let n(m) = -m**2 - m + 11. What is the units digit of n(z)?
1
Suppose 3*z - 415 = -91. What is the tens digit of z?
0
Suppose -3*j - 4*a + 222 = 0, a - 353 = -5*j - 0*a. What is the tens digit of j?
7
Suppose -5 - 26 = -2*s + b, s - 20 = 2*b. Suppose c + s = 4*a, -7 = -2*a + 3. What is the units digit of c?
6
Let g = -49 + 123. Suppose 4*w + 14 = g. What is the units digit of 96/w - 4/10?
6
Let k(f) = f**2 + 8*f - 13. Let v be k(-9). What is the tens digit of ((-147)/14)/(3/v)?
1
Let p = 23 + -28. Let w(j) = j**3 + 8*j**2 + 8*j + 10. What is the tens digit of w(p)?
4
Suppose 0 = 2*k + 3*k + 10, -2*q = -2*k + 82. Let w = q - -77. What is the units digit of w?
4
Let y(b) = -b**2 + 2. Let k(m) = m**2 - 2*m + 1. Let o be k(1). Let i be y(o). Let a = i + -1. What is the units digit of a?
1
Suppose -3*o = 3*t - 66, 6*t - 2*t - 5*o = 133. What is the units digit of t?
7
Let q(m) = 414*m**3 + m**2 + m - 3. What is the hundreds digit of q(1)?
4
Let u = 47 + -19. What is the units digit of u?
8
Suppose -2*g = g. Suppose g = 4*d + 2*l - 24, -2*d + 4*l + 12 = 6*l. Suppose -d = -3*a - h, -4*a + 4*h + 21 = -a. What is the units digit of a?
3
Suppose -3*c = -a + 4, -37 + 11 = -3*a - 5*c. Let u(i) = i + 2 - 5 - 3. What is the units digit of u(a)?
1
Let y be (-5)/(-3) + 3/9. Suppose y*n + 81 = 3*h + n, 0 = 3*h + 5*n - 99. What is the units digit of h?
8
Suppose 687 = -11*z + 1974. What is the hundreds digit of z?
1
Let t(a) = a**2 - 15*a - 17. What is the units digit of t(18)?
7
Suppose -4*g + 5*z + 321 = 0, -4*g + 2*g + 3*z + 159 = 0. What is the units digit of g?
4
Suppose 5*d - 2*d = -171. Let x = d - -80. Let v = 32 - x. What is the units digit of v?
9
Suppose -2*u = -0*u - 204. Suppose r + 5*x - 51 = 0, 4*r - u = 4*x + 54. What is the tens digit of r?
4
Suppose 6*g - 2*g = 20. Suppose g*n - 12 = -3*w + 26, -2*w - n = -16. Let p = 17 - w. What is the tens digit of p?
1
Let x(t) = 0 + 2*t**2 + 1 + 8*t - 1 + 3. What is the tens digit of x(-5)?
1
Let h(s) = -s**3 + 9*s**2 - 9*s + 6. What is the units digit of h(6)?
0
Let m = 4 + -7. Let x = 7 + m. What is the units digit of x?
4
Suppose 5*b + 0*b - 2*h = 19, -b + 9 = -3*h. Suppose 0 = f + b - 21. What is the tens digit of f?
1
Suppose 32 = 2*u + 2*u. What is the units digit of u?
8
Let d = 6 - 0. Let k(s) = -2*s - 16. Let f(n) = 5*n + 33. Let r(t) = -3*f(t) - 7*k(t). What is the units digit of r(d)?
7
Suppose i - 184 = -5*r + 224, 2*r + 3*i = 171. Suppose -2*g = -5*g + r. What is the tens digit of g?
2
Let v(w) = w**3 - 5*w**2 - 8*w + 6. Let t be v(6). Let c(s) = s**2 + 4*s - 7. What is the units digit of c(t)?
5
Let s be ((-6)/9)/(2/6). Suppose -11 = 2*d - 1. Let t = s - d. What is the units digit of t?
3
Suppose -5*r = -343 - 322. What is the units digit of r?
3
Let o(s) = 3*s - 4. Let z be o(5). Let t(j) = 5*j - z + 2*j**3 - 12*j + 10*j**2 - 3*j**3. What is the units digit of t(9)?
7
What is the units digit of 47 + -7 + (-4)/(-2)?
2
Let j(d) be the second derivative of d**5/20 - 2*d**4/3 - 7*d**3/6 - 4*d**2 + d. Let g = 32 + -23. What is the units digit of j(g)?
0
Suppose -244 = -c - 5*n, 5*n = -c - 3*c + 916. What is the units digit of c?
4
Let v = -1 - -1. Let k = 12 + -6. Suppose -3*a + 3 + k = v. What is the units digit of a?
3
Let o = -1 + 6. Suppose 4*t = 3*h - 22, 3*h = o*h - 5*t - 24. What is the units digit of h?
2
Suppose 6*x - 3*x = 3*m + 372, 268 = 2*x + 3*m. What is the hundreds digit of x?
1
Let m(p) = p - 9. Let z be m(8). Let b(h) = 22*h**2 + h + 1. What is the units digit of b(z)?
2
What is the tens digit of (84/(-35))/(3/(-90))?
7
Suppose 0*u + 3*u - 12 = 0, -5*x + 4*u - 41 = 0. Let g = x + 8. Suppose -4*a = -4, -g*p + 0*p + 17 = 5*a. What is the units digit of p?
4
Let o = -1 + 3. Suppose 0 = 7*c - 4*c + o*q - 29, 33 = c - 4*q. Suppose c = 2*t - 3. What is the units digit of t?
8
Let a = -123 + 142. What is the units digit of a?
9
Let m be ((-20)/(-2))/((-2)/(-14)). Suppose -m = -0*b - 5*b. What is the tens digit of b?
1
Let q = 26 - 18. Suppose -n + q + 0 = 0. What is the units digit of n?
8
Suppose -3*b + 30 = 2*b. What is the units digit of b?
6
Let l = 74 - 43. What is the units digit of (-1)/((-4)/(-12)) + l?
8
Suppose 2*x - 5 + 1 = 0. Let o(n) = n. Let k be o(0). Suppose -5*l = 4*c - 32, -x*c + 14 = 2*l - k*l. What is the units digit of l?
4
Let m(t) = t - 7. Let d be m(10). Suppose d*h - h = 12. Let p = 12 - h. What is the units digit of p?
6
Let n(m) = -3*m**3 - 3*m**2 - m - 10. Let p(t) = -4*t**3 - 2*t**2 - 2*t - 10. Let h(o) = 5*n(o) - 4*p(o). Let l = -2 + 9. What is the tens digit of h(l)?
1
What is the units digit of 162/5 + (-45)/(-75)?
3
Let k = 105 - 94. What is the units digit of k?
1
Let m(y) = 5*y**3 + y. Let c be m(-1). Let f = -1 - -9. Let k = c + f. What is the units digit of k?
2
Let r(l) = l**3 + 5*l**2 - 4*l - 2. Let v be r(-6). Let d(c) = c**3 + 13*c**2 - 16*c + 1. What is the units digit of d(v)?
9
Let i = 171 - 67. What is the units digit of i?
4
Suppose -153 = 5*k + 2*n - 658, 5*k + 4*n - 515 = 0. What is the units digit of k?
9
Suppose 3*z = -2*z + 650. Suppose 0 = -5*p + z - 50. What is the units digit of p?
6
Let c = -16 - -44. Let w = 54 - c. What is the units digit of w?
6
Let y = 3 + -1. Suppose -2*p - y*p + 6 = 3*q, 3 = -2*q - 5*p. What is the units digit of q?
6
Let q = 6 - -3. What is the units digit of q?
9
Suppose -4*m - 2*x + 79 = 5, 0 = -5*m - 4*x + 100. What is the units digit of m?
6
Let r(o) = o + 9. Let s be r(-5). Suppose -s*i + 20 = -0*i. What is the units digit of i?
5
Let z(c) = 46*c. What is the tens digit of z(1)?
4
Suppose 2*a = -0*a - 5*x - 13, 15 = -3*x. Suppose -k = -0*k - a. What is the units digit of k?
6
Let c = 541 - 383. What is the hundreds digit of c?
1
Let h be (5 - 2)/((-6)/(-8)). Suppose -g = -26 + h. What is the tens digit of g?
2
Suppose 0*c - c - 5*r + 36 = 0, r = -5*c + 300. What is the units digit of c?
1
Let l(c) = -c**3 + 9*c**2 + 12*c + 5. Suppose -3*j = 2*j - 50. What is the units digit of l(j)?
5
Suppose 4*w = w. Suppose -5*r + 2*r + 99 = w. What is the units digit of 1/4 + r/12?
3
Let j = 4 + -2. Suppose 0*n - 17 = -3*n + 2*x, -5*x - 15 = -j*n. Suppose -8 = -2*t, -q + n*q - 2*t + 4 = 0. What is the units digit of q?
1
What is the tens digit of (4/5)/(2/220)?
8
Suppose 2*g = -8*g + 770. What is the tens digit of g?
7
Suppose -80 = -j - 3*j. What is the units digit of j?
0
Suppose -a + 57 = 4. Let x = a + -34. What is the units digit of x?
9
Suppose -5*s - 4*n = -0*n - 107, -s = 3*n - 28. Let l = s - -19. What is the units digit of l?
8
Let h = -49 - -257. What is the units digit of h?
8
Let d be ((-3)/6*0)/(-1). Suppose d = 5*s - s - 92. What is the tens digit of s?
2
Suppose 5*o - 12 = o. Suppose 0*y + 15 = o*y. Let v = 2 + y. What is the units digit of v?
7
Let b(x) = -7*x**3 + 24*x**2 - 17*x - 1. Let j(a) = -13*a**3 + 47*a**2 - 34*a - 3. Let u(o) = 11*b(o) - 6*j(o). What is the units digit of u(17)?
7
Let a(f) = f**3 + 5*f**2 - 7*f - 5. Let j be a(-6). Let z = j - 1. Suppose z*d + d = 11. What is the units digit of d?
1
Suppose 2*v - 2*x - 184 = 0, -v + x = 3*x - 80. What is the units digit of v?
8
Suppose -5*t = -4*s + 21, 0*s - 4*s - t = -15. Suppose -2*z - 12 = -s*w, 0*w + 5*w = 2*z + 16. What is the units digit of w?
4
Let t be 19 + (0 - 3) - 2. Suppose 5*x = -1 - t. What is the units digit of 15 + 2*x/(-6)?
6
Suppose p = 191 + 93. What is the tens digit of p?
8
Let g(y) be the first derivative of y**2/2 - 5*y + 2. Let d be g(9). Suppose -32 = -3*h + d. What is the tens digit of h?
1
Suppose -3*q - 3 = -6. What is the units digit of q?
1
What is the tens digit of (2/(-4))/(-1)*26?
1
Let b = -4 - -5. Let a = b + 8. What is the units digit of a?
9
Suppose 10*y - 8*y - 104 = 0. What is the units digit of y?
2
Let d be (-4)/18 + (-22)/(-18). Let t(f) = 9*f**2 + f. What is the tens digit of t(d)?
1
Suppose -5*l - 5*j - 5 = 0, j = l - 3*j - 19. Suppose 5*b - l*b = 20. Suppose -3*w + 5 + b = 0. What is the units digit of w?
5
L